 k?
3, 23
Let b(j) = j. Let p(g) = -86*g - 97. Let r(k) = -5*b(k) - p(k). List the prime factors of r(5).
2, 251
Let t = 807 - 549. Let w = t - 35. Suppose -10 = -2*s, 3*s - 726 = -2*j - w. List the prime factors of j.
2, 61
Suppose 0 = -3*z + 8*z - 2*s - 41, 29 = 3*z + s. Suppose z*r - 4*r = 10. Suppose -v - 2 = 0, 3*v = -r*w + 6*w - 26. What are the prime factors of w?
5
Let t(s) = 19*s - 24. Let u(v) = v**2 - 6. Let r be u(-5). Let m(c) = -c**3 + 20*c**2 - 18*c - 12. Let g be m(r). What are the prime factors of t(g)?
109
Let u(z) = -z - 11964 + 11955 + 73*z**2 + 8*z. What are the prime factors of u(2)?
3, 11
Let r be -17 + ((-1)/2)/(23/(-46)). Let a(t) = -12*t - 25. List the prime factors of a(r).
167
Suppose -31*x + 1679194 - 937067 = -872973. List the prime factors of x.
2, 5, 521
Suppose -44 = -4*o + 56. Let u(s) = -13*s - 22*s + o*s + 24. List the prime factors of u(-4).
2
Suppose -7*x + 4*x = 5*o - 18925, -4*x = -3*o - 25272. Suppose x = 25*w - 22*w + p, 5*p = w - 2105. List the prime factors of w.
5, 421
Suppose 13*q - 112 = -21. What are the prime factors of (6 - q)*((2 - 0) + -850)?
2, 53
Let a(x) = 9*x**2 - 9*x + 9. Let c be a(-12). Suppose -c = -16*i + 7*i. What are the prime factors of i?
157
What are the prime factors of ((-3 - 39)/(-6) - -3)*168?
2, 3, 5, 7
Suppose 0 = 5*q + 15 - 135. Suppose 7*p + 89 = 26. Let g = q - p. What are the prime factors of g?
3, 11
Suppose 47*i + 4292072 - 11353832 = -73*i. What are the prime factors of i?
2, 3, 613
Let q be (-1)/3 - 1 - 368/(-6). Let h = 72 - q. What are the prime factors of h - (-2)/(1 + 1)?
13
Suppose -6*c - 5*c = 253. Let g(l) = -l**3 - 23*l**2 - 28*l - 30. What are the prime factors of g(c)?
2, 307
Let r = 79629 + -27427. What are the prime factors of r?
2, 43, 607
Let c = -106 + 10. What are the prime factors of 6 + c*(1 + -5)?
2, 3, 5, 13
Suppose 27 = q - 5*p, 150 = 4*q + p - 42. Suppose 3*g + v - q = 0, -2*v + 22 = 2*g - 8. Suppose -5*n - g = -116. What are the prime factors of n?
2, 5
Suppose 41*f - 189763 = 230856. What are the prime factors of f?
10259
Let g(c) = -c**3 + 21*c**2 - 17*c - 27. Suppose 5*h - 4*a + 1 = 109, 68 = 3*h - 4*a. Let p be g(h). Let m = p + -9. What are the prime factors of m?
2, 3
Let a be (-3)/(-15) - 3745/(-25). Let i = 76 + a. List the prime factors of i.
2, 113
Let i(p) = p**2 + 11*p + 1. Let n be i(-10). Let y(b) be the first derivative of -17*b**2 - 15*b + 344. List the prime factors of y(n).
3, 97
Suppose -29 = 5*o - 6*o. Suppose -2*x = m - 19 - o, -2*m + 104 = 2*x. What are the prime factors of m?
2, 7
Let h(n) = 15*n**3 - 3*n**2 + 5*n - 14. Let c be h(3). Suppose -11421 = 5*v + c. List the prime factors of (2*1)/((-16)/v).
5, 59
Let g(z) = -1879*z**3 + 52*z + 59*z**2 + 1881*z**3 - 10 + 4*z. What are the prime factors of g(-28)?
2, 3, 43
Suppose -4*m + 49 = 5*i, -2*i + 3 = -2*m - 31. Suppose 19*r = i*r + 1176. What are the prime factors of r?
2, 7
Let t be (0 + 2/4)*-30. Let r(a) = 24*a + 22. Let p(x) = 28*x + 25. Let b(k) = -8*p(k) + 9*r(k). List the prime factors of b(t).
2, 59
Let r = -958 - -1863. Suppose -12*w + r = -547. Let n = -56 + w. List the prime factors of n.
5, 13
Let f be (-5 - 5)/5 + 4*2. Suppose 5*t = f*t - 2. Suppose -8 = 2*h - 6*h - 2*j, 0 = -t*h - 2*j + 2. List the prime factors of h.
3
Suppose -39*m - 12*m + 471151 - 43924 = 0. What are the prime factors of m?
8377
Let y be ((-16)/24)/((6/(-27))/1). Suppose 2*m = y*d + 49, -5*d + 3*m - 83 = -m. List the prime factors of (3 + -1 - d/(-5))*-25.
5
Let s(z) = 4*z**2 - 22*z - 76. Let k be s(-3). Let d(c) = 18*c + 164. List the prime factors of d(k).
2, 79
Let r be -2 - 6*1/(-1). Let i(q) = -48*q + 2*q**2 + 69*q + r + 6 - 2. What are the prime factors of i(-15)?
11, 13
Let s(r) = -2*r**3 - 8*r**2 + 15*r + 15. Let m(j) = -j**2 + j + 5. Let l be m(4). Let q be s(l). Suppose -5*p = -8*p + q. What are the prime factors of p?
2, 17
Suppose 5*h - 11 = 4*n, 5*h = 6*h + 2*n - 5. Let x be h/4 - (-119)/28. Suppose 465 = x*f - 460. What are the prime factors of f?
5, 37
Suppose 1759 = 3*n + 3*b + 2*b, -5*n - 3*b = -2937. Suppose k + 170 = n. List the prime factors of k.
2, 11, 19
Suppose 4*v = -2*p + 364, -5*p = -3*v - 55 + 341. Let f = -90 + v. Suppose -3*w + 4*q + 568 = 0, -q - 117 - 255 = -f*w. What are the prime factors of w?
2, 23
Let m(g) be the second derivative of 0 + 0*g**3 + 3/2*g**2 - 8*g + 1/2*g**4. What are the prime factors of m(-4)?
3, 11
Let r(c) = -c**3 - 18*c**2 - 2. Let o be ((-6)/(-5))/((-20)/300). Let s be r(o). Let n(y) = -83*y - 2. List the prime factors of n(s).
2, 41
Suppose 2*x = x - 2, -4*g - x = -50. Suppose 0 = g*b - 16*b + 1206. Suppose 3*p - 6*p + b = 0. List the prime factors of p.
2, 67
What are the prime factors of (35 + 0)/7 + 10 + 18033?
2, 3, 47
Suppose -3*m - 24*u - 807 = -25*u, -5*m + 2*u - 1345 = 0. Let j = 405 + m. List the prime factors of j.
2, 17
Suppose -u + 4 = -3. Suppose -u*r = -10*r. Suppose 5*a - 441 = -r*a + 4*m, 2*m = 4*a - 348. What are the prime factors of a?
5, 17
Let t = -35 - -40. Suppose -t*p = 3*m - 0 + 3, 3*p + 13 = m. Suppose -3*l - 3 = -0*l, -m*l = b - 161. List the prime factors of b.
3, 5, 11
Let b(x) = 2*x + 4398. List the prime factors of b(0).
2, 3, 733
Let s(u) = -6*u**3 + 4*u**2 + 5*u. Let r be s(-4). Let m(v) = v**3 + 12*v**2 + 7*v + 22. Let i be m(-13). Let a = i + r. What are the prime factors of a?
2, 5, 19
Let t(n) = -8*n**3 - 2*n**2 + 45*n + 221. What are the prime factors of t(-5)?
2, 11, 43
Suppose t = -3*j + 68, 3*j - 6*j = 15. Suppose -5*r + 12*r = 28. Suppose -r = u - t. List the prime factors of u.
79
Let s(p) = 132*p - 23. Let b be s(-2). Let f = 953 - b. What are the prime factors of f?
2, 5, 31
Suppose 0 = -28308*p + 28318*p - 364720. What are the prime factors of p?
2, 47, 97
Let l = -1827 + 4170. What are the prime factors of l?
3, 11, 71
Suppose a = 2*z + 4872 + 14783, -4*a + 78610 = -3*z. What are the prime factors of a?
43, 457
Let w = 12080 + -8177. What are the prime factors of w?
3, 1301
Suppose 304 + 8 = -13*d. Let q = 19 + d. What are the prime factors of (-639)/q - 2/(-10)?
2
Let x = -627 - -1546. Let q be -1 + 26/20 - 160378/(-340). Suppose -x = -13*l + q. What are the prime factors of l?
107
What are the prime factors of (9258/12 + -12)/((-2)/(-4))?
7, 31
Let z be (-6*3/(-30))/((-63)/(-525)). Suppose 3*v - 4*t - 1260 = 1132, z*t = 10. What are the prime factors of v?
2, 5
Suppose 4*x = 2*w + 423 + 2489, 0 = -5*x + 5*w + 3635. List the prime factors of x.
3
Let d = 802 - 667. Let j = d - -180. List the prime factors of j.
3, 5, 7
Suppose -8*z - 1 = 23. Let o = 0 - z. Suppose -o*d + 335 = 5*y, -4*y - y = -5*d - 375. What are the prime factors of y?
2, 5, 7
Let w(r) = r**2 - 8*r + 28. Let q be w(-10). Let o = 47 + -45. Suppose -94 = -2*m + o*i - 4*i, 4*m - i = q. List the prime factors of m.
3, 17
Let d be 2*14 + (-47 - -48). Suppose 7*b - 3*b = v + 27, -d = -4*b - v. List the prime factors of b.
7
Let d(z) = 55*z - 1. Let u be d(6). Suppose 1461 = 4*a + u. Suppose 6*q = -13 + a. List the prime factors of q.
3, 5
Let o be -3 + (-14)/(-6 - -4). Suppose -3*b - o*q = 228 - 45, 2*q = 3*b + 201. List the prime factors of (-5)/(5/(-3)) - b.
2, 17
List the prime factors of 4912/6*(-7920)/(-176).
2, 3, 5, 307
Suppose 12 = 3*h, -69*h + 64*h + 52020 = 4*j. List the prime factors of j.
2, 5, 13
Let v(j) = 63*j**2 - 5*j - 5. List the prime factors of v(-9).
37, 139
Let x(v) = v**3 + 5*v**2 + v + 2. Suppose 15 = 3*b, -3*j = -2*b - 2*b + 35. Let q be x(j). List the prime factors of q + 0 - (6 + -7 + -146).
2, 3
Suppose 3*c + 15 = 0, -7*c + 10 = 5*o - 12*c. List the prime factors of (o/2 + -1)*(-142 - 8).
3, 5
Let h(o) = -68*o + 3. Let n(g) = 69*g - 4. Let i(d) = -5*h(d) - 4*n(d). Let z be i(2). Suppose -2*y - y + z = 0. What are the prime factors of y?
43
List the prime factors of -2428*(1 - (1173/153 - (-4)/(-6))).
2, 3, 607
Suppose 5*r - 11676 = -0*t - 3*t, -t + 3902 = 5*r. Let u be 10/5 + t + -1. Suppose 0 = 20*z - 4*z - u. List the prime factors of z.
3
Let u(p) = 2*p + 18. Let j(g) = -g - 17. Let b = 43 + -49. Let y(w) = b*u(w) - 7*j(w). List the prime factors of y(-7).
2, 23
Suppose -42*t - 40*t - 147118 = -99*t. What are the prime factors of t?
2, 4327
What are the prime factors of -1 - -9 - (1*-1